common factor of 1986372 and 138.
138
What is the highest common divisor of 193 and 111361?
193
Calculate the greatest common factor of 487834 and 2.
2
What is the highest common factor of 216 and 2984?
8
Calculate the highest common factor of 27 and 32820.
3
Calculate the greatest common divisor of 75 and 113800.
25
What is the greatest common factor of 4480 and 3612?
28
What is the greatest common factor of 100518 and 165?
33
Calculate the highest common divisor of 1354781 and 17.
17
Calculate the greatest common factor of 1079 and 1469.
13
Calculate the highest common divisor of 31860 and 138768.
708
What is the greatest common factor of 6040053 and 414?
207
What is the highest common divisor of 121 and 17611?
11
What is the greatest common factor of 37673 and 404?
101
What is the highest common divisor of 118724 and 3484?
268
Calculate the greatest common divisor of 308 and 167566.
14
What is the greatest common factor of 9275 and 1400?
175
What is the highest common factor of 38695 and 19075?
545
Calculate the highest common divisor of 654954 and 12.
6
What is the greatest common divisor of 1459450 and 1275?
425
Calculate the highest common factor of 148176 and 21.
21
What is the highest common factor of 99 and 8283?
33
Calculate the highest common factor of 20229 and 6.
3
What is the highest common divisor of 1792 and 20832?
224
Calculate the highest common divisor of 2037 and 987.
21
Calculate the highest common factor of 251441 and 4092.
31
What is the greatest common factor of 4825 and 775?
25
Calculate the highest common divisor of 231 and 113421.
231
What is the greatest common factor of 28004 and 20?
4
What is the highest common divisor of 154495 and 385?
55
What is the highest common divisor of 3461263 and 1471?
1471
What is the highest common divisor of 232 and 169969?
29
What is the highest common factor of 117 and 105417?
117
Calculate the highest common factor of 995 and 8159.
199
What is the highest common factor of 3 and 770?
1
Calculate the highest common factor of 131 and 810890.
131
Calculate the greatest common factor of 3213187 and 17.
17
What is the highest common factor of 5 and 358495?
5
Calculate the greatest common divisor of 43 and 733021.
43
Calculate the greatest common factor of 672 and 1554.
42
Calculate the highest common factor of 552 and 19941.
69
What is the highest common factor of 7560 and 11151?
189
Calculate the greatest common divisor of 48 and 449776.
16
What is the greatest common divisor of 846 and 277488?
846
What is the greatest common factor of 54188 and 6555?
437
Calculate the highest common divisor of 186 and 217.
31
What is the greatest common factor of 9904 and 13328?
16
Calculate the highest common factor of 303424 and 448.
64
What is the highest common factor of 21870 and 90?
90
Calculate the greatest common factor of 38 and 12407.
19
What is the highest common factor of 501 and 735635?
167
Calculate the highest common divisor of 12597 and 64311.
663
What is the highest common factor of 302419 and 39?
13
Calculate the highest common factor of 347090 and 244.
122
What is the greatest common divisor of 36800 and 3312?
368
Calculate the greatest common factor of 73094 and 966.
322
Calculate the highest common divisor of 18724 and 1364.
124
What is the highest common factor of 11726 and 3146?
286
Calculate the greatest common factor of 185643 and 9.
9
What is the highest common divisor of 348 and 62408?
116
Calculate the greatest common factor of 972 and 10800.
108
What is the greatest common divisor of 7 and 17311?
7
Calculate the greatest common factor of 289944 and 64.
8
Calculate the highest common divisor of 4449 and 39.
3
Calculate the greatest common divisor of 60109 and 403.
31
What is the highest common divisor of 516 and 18192?
12
What is the greatest common factor of 110536 and 144236?
1348
What is the greatest common factor of 1146 and 30?
6
What is the greatest common divisor of 19592 and 9322?
158
Calculate the highest common divisor of 17300 and 1240.
20
What is the greatest common factor of 55 and 879439?
11
Calculate the highest common factor of 27887 and 474.
79
Calculate the greatest common factor of 16979 and 1.
1
What is the greatest common divisor of 920 and 57776?
184
Calculate the greatest common divisor of 157366 and 38456.
506
What is the greatest common factor of 2 and 13225?
1
Calculate the greatest common factor of 952896 and 48.
48
What is the greatest common factor of 4708548 and 624?
156
What is the highest common factor of 170 and 236045?
85
Calculate the highest common factor of 17753 and 27712.
433
What is the highest common divisor of 672234 and 3258?
1086
Calculate the greatest common factor of 1806 and 417788.
602
What is the highest common factor of 1027 and 7?
1
Calculate the highest common divisor of 6436 and 44.
4
What is the highest common divisor of 516 and 11796?
12
What is the highest common divisor of 10000 and 168?
8
What is the highest common divisor of 770023 and 1730?
173
Calculate the highest common factor of 217512 and 3240.
216
Calculate the greatest common divisor of 26 and 77062.
2
What is the greatest common divisor of 1540 and 524?
4
Calculate the highest common factor of 441266 and 344.
86
Calculate the highest common factor of 294 and 42434.
98
What is the greatest common factor of 39 and 22893?
39
Calculate the highest common factor of 74279 and 7.
1
Calculate the highest common factor of 174 and 493406.
58
Calculate the greatest common divisor of 629122 and 65.
13
Calculate the greatest common factor of 235371 and 1608.
201
What is the greatest common divisor of 9040 and 6215?
565
What is the greatest common divisor of 2887619 and 3038?
1519
Calculate the highest common divisor of 1000 and 32.
8
What is the highest common factor of 3080 and 3640?
280
What is the greatest common factor of 440 and 6470?
10
Calculate the highest common factor of 9628 and 18509.
83
Calculate the highest common divisor of 16500 and 13035.
165
What is the highest common divisor of 93272 and 7832?
712
What is the greatest common factor of 6786 and 66294?
522
Calculate the highest common factor of 2666 and 1081063.
1333
Calculate the highest common divisor of 2052 and 1254.
114
Calculate the highest common factor of 738 and 15826.
82
What is the highest common factor of 525518 and 70?
14
Calculate the highest common factor of 749258 and 2.
2
What is the greatest common divisor of 2100 and 88788?
84
What is the highest common factor of 14 and 101542?
14
What is the highest common factor of 103735 and 25?
5
Calculate the highest common divisor of 176 and 16696.
8
Calculate the highest common factor of 106339 and 129.
43
Calculate the greatest common divisor of 5967 and 1411.
17
What is the highest common factor of 9017 and 4189?
71
What is the greatest common factor of 1648380 and 1494?
498
Calculate the highest common factor of 166 and 3426.
2
What is the greatest common divisor of 80 and 40770?
10
What is the greatest common divisor of 5250 and 21425?
25
What is the greatest common factor of 350 and 368270?
70
Calculate the highest common divisor of 1104 and 2928.
48
What is the greatest common divisor of 282 and 172819?
47
What is the highest common divisor of 5304 and 188632?
136
What is the greatest common factor of 1712 and 164566?
214
Calculate the greatest common factor of 17324 and 12688.
244
Calculate the greatest common divisor of 45 and 4295.
5
Calculate the highest common divisor of 700 and 45000.
100
Calculate the greatest common divisor of 34045 and 275.
55
What is the highest common divisor of 6760 and 360?
40
What is the highest common divisor of 67963 and 10241?
931
What is the highest common divisor of 53 and 914356?
53
Calculate the greatest common divisor of 70850 and 58315.
545
Calculate the greatest common divisor of 32 and 32792.
8
Calculate the greatest common divisor of 25164 and 3029.
233
What is the highest common factor of 183 and 627?
3
What is the highest common divisor of 728 and 10088?
104
What is the highest common divisor of 80136 and 1296?
216
What is the greatest common divisor of 40 and 17060?
20
Calculate the greatest common divisor of 108 and 5817.
3
What is the highest common factor of 197505 and 3402?
189
Calcula